*x - 30 = -18. Suppose -h = 2*h - x. What is t(h)?
8
Let b(i) = 3*i - 3. Let y(q) = -q**3 + q**2 - 1. Let h be y(-2). Suppose m - 4 = h. Suppose 5*a - v = 15, 0*a + 5*a = -2*v + m. What is b(a)?
6
Let g be (-3 + (-8)/(-3))*3. Let z(b) = -b**2 + 3*b - 1. Let p(s) = -s. Let r(o) = g*z(o) + 5*p(o). Give r(8).
1
Let t(r) = -r**3 - 4*r**2 + 2*r + 1. Let k(f) = f**2 + 5*f - 28. Let p be k(-8). What is t(p)?
-7
Suppose 2*y + g - 5*g = 0, 0 = -4*y - 2*g. Let n(l) be the third derivative of y*l + 1/24*l**4 + 0 + 2*l**3 + 3*l**2. What is n(-5)?
7
Let h be 3/2*16/6. Let w(q) = 1 + h + 11 - 20 - 2*q. Suppose -7 = -3*z - 19. Give w(z).
4
Let x(j) = -j**3 - 2*j**2 + j - 2. Suppose 5*d - 5*n = 0, n = -4*n - 15. Determine x(d).
4
Let m(x) be the third derivative of -x**6/20 + x**5/60 + x**4/8 + x**3/2 + x**2 - 22*x. Calculate m(-1).
7
Let x(b) be the first derivative of -1/12*b**5 + 1/120*b**6 + 3/2*b**3 + 0*b - 3/8*b**4 - b**2 + 2. Let u(f) be the second derivative of x(f). What is u(6)?
-9
Suppose 7*x - 3*x + 32 = 3*j, 37 = 3*j - 5*x. Let h(k) = -j*k - 2*k + 4 + 2*k. Let y be ((-34)/(-51))/((-2)/(-9)). Give h(y).
-8
Let h(v) = 3*v**3 - 4*v**2 - 11*v - 13. Let z(t) = -4*t**3 + 7*t**2 + 17*t + 19. Let s(f) = 7*h(f) + 5*z(f). Determine s(-5).
14
Let d = -1124 + 1120. Let q(c) = -c**2 - 6*c - 6. What is q(d)?
2
Let y(v) = -448*v + 444*v - 4*v**2 - 2 + 0 - 3 + v**2. Determine y(-2).
-9
Let t(q) = 20*q - 6. Let i(p) = -7*p + 2. Let r(b) = -17*i(b) - 6*t(b). Let k be (4/6)/((-1)/3). Let h be (-5)/(-3 + 4 + k). Calculate r(h).
-3
Let n(z) be the third derivative of z**4/12 - z**3/2 + z**2. Let p(x) = x**2 + 29*x - 1433. Let h be p(26). Determine n(h).
-9
Suppose -m - 4*x = -170, 1206 = 4*m + 4*x + 490. Let i = m - 188. Let r(o) be the third derivative of o**5/60 + o**4/4 - o**3 + o**2. What is r(i)?
-6
Let u(r) be the second derivative of -r**5/20 - r**4/2 - 3*r**3/2 - 3*r**2 - 709*r. Determine u(-6).
48
Let m(o) = 3*o**3 + 6*o**2 + 12*o - 2. Let a(u) = -2 + 4*u**3 + 4*u**2 + 13*u + 2*u**2 - 2 + 1. Let x(c) = -4*a(c) + 5*m(c). Determine x(7).
9
Let w(j) = 36 - j + 32 + 31 - 94. Calculate w(11).
-6
Let n(s) = -s**3 + 2*s**2 - 2. Let q be (18/(-8))/(3 + (-60)/16). Give n(q).
-11
Let a(p) = -p**2 - p. Let h be a(1). Let j be 2 - ((-16)/(-4) - 4). Let d(k) = 1 - 2 - k - 2*k**2 + j*k. Calculate d(h).
-11
Let f(n) = -n**3 - 11*n**2 - 9*n + 10. Let g = 19 - 29. Let p be f(g). Suppose 0 = 2*x - p*x + 8. Let v(s) = -s**3 - 4*s**2 - s. Calculate v(x).
4
Let r(l) = -4 + 6 - 2*l + 4*l. Let o = -28 - -28. Let k be o*(-2 + 3) - 4. Calculate r(k).
-6
Let b be ((-44)/(-8) + -5)*-6. Let u(q) = -6*q**3 - q**2 + 3*q - 8. Let v(r) = -7*r**3 - r**2 + 3*r - 9. Let h(g) = -6*u(g) + 5*v(g). What is h(b)?
-6
Let f = -351/4 + 365/4. Let b(v) be the second derivative of 5/6*v**3 + 0 - f*v**2 + 1/12*v**4 - 6*v. Calculate b(-6).
-1
Let s(d) = 9*d**3 + 11*d**2 - 5*d. Let m(u) = -5*u**3 - 6*u**2 + 3*u. Suppose -2*c + 8 = -2. Let i be 1 + 5 - 3/1. Let y(o) = c*m(o) + i*s(o). What is y(-2)?
-4
Let j(x) = 9*x + 18. Let f(u) = -5*u - 9. Let b(a) = -5*f(a) - 3*j(a). Suppose v = 2*g + g - 3, -5*g + 15 = -5*v. Suppose g = 10*h - 5*h + 35. What is b(h)?
5
Let f(p) = 3*p**2 + 2*p + 225 + p - 222 - 2*p**2. Give f(-3).
3
Let w(g) be the first derivative of 4 - 34*g**2 + 34*g**2 - g + 4*g**3. Calculate w(1).
11
Let z(h) be the third derivative of -h**8/6720 - h**7/2520 + h**6/360 + 11*h**5/30 - 15*h**2. Let f(p) be the third derivative of z(p). Calculate f(-2).
-6
Let p be (3/(-2))/(1/2). Let n be 2 + (0 + 1)*p. Let a(r) be the second derivative of -5*r**3/3 - r + 9. Give a(n).
10
Let p = 56 + -54. Let o(s) = -4*s + 39*s**2 + 6*s - 33*s**p + 9 + s**3. Determine o(-6).
-3
Let p = 3 - 2. Let o be ((-18)/(-36))/(p/(-2)). Let c(d) = -11*d**2 + d + 1. What is c(o)?
-11
Let z(b) be the second derivative of -5*b**3/6 - 13*b**2/2 - 623*b. Calculate z(-9).
32
Let o(q) = -q**2 - 10*q + 16. Suppose -773*l + 771*l = 24. Give o(l).
-8
Let h(x) be the second derivative of 0 + 12*x + 1/720*x**6 + 2/3*x**4 - 1/40*x**5 + 0*x**3 + 0*x**2. Let l(w) be the third derivative of h(w). Determine l(6).
3
Let s(f) = 4*f + 17. Let x be s(7). Let o be (2/(-6))/(15/x). Let c(t) = -2*t**2 + 1. Give c(o).
-1
Suppose -91*y - 4*a + 20 = -87*y, -y + 7 = -a. Let h(v) = -7*v + 28. Determine h(y).
-14
Let z be ((-2)/(-6))/(1/3). Let b(r) be the second derivative of -r**4/4 + r**2/2 - 33*r. Calculate b(z).
-2
Let m(o) = o**2 + 2 - 1 - 177*o + 172*o. Determine m(4).
-3
Let g(t) = -3*t**2 - 22*t + 10. Let n(s) = -2*s**3 + 14*s**2 + 6*s - 50. Let i be n(7). Give g(i).
-6
Let o(c) be the first derivative of -7*c**5/120 + c**4/24 - 2*c**3/3 - 11. Let i(u) be the third derivative of o(u). Calculate i(-1).
8
Let b(d) = -d**3 + 6*d**2 - 5*d + 7. Let g be b(5). Suppose -z - g = 2*z - w, -5*z = 4*w + 23. Let x(a) = -a**3 - 3*a**2 + a + 3. Determine x(z).
0
Let x(w) be the second derivative of -w**3/3 + w**2 - 129*w. What is x(3)?
-4
Let t be 2/3 + ((-7)/(-3) - 1). Let v(z) = -1 - 11*z + 4*z**t + 18*z - 1 - z**3 - 8*z. Let l(y) = y**2 - 1. Let s be l(-2). Give v(s).
4
Let p(c) be the second derivative of -7*c**3/6 + 55*c**2/2 + 180*c + 1. Determine p(9).
-8
Let s(c) = -c**3 - 2*c**2 - 2*c - 1. Let y be ((-5)/10)/((-20)/(-8) + -2). Give s(y).
0
Let d(z) = z + 3. Let s be d(-3). Let v(i) = 5*i**2 + i - 8 + s*i - 4*i**2. Suppose 4*x - 12 = -2*w, 0 = w + 5*x - 6*x + 3. Give v(w).
-8
Let w(m) = -8*m + 4. Suppose -5*q - 36 = 4*f, 20 = -5*f - 0. Determine w(q).
36
Let r(l) = -34 + 2*l + 35 - l + 0*l. Suppose -2*a - 136 = -142. What is r(a)?
4
Let u(s) = s + 3. Let p(a) = 4*a + 11. Let q(t) = p(t) - 3*u(t). Give q(-10).
-8
Let y(i) = -i + 3. Let x be y(-3). Let f be ((-224)/(-42))/((-4)/3 + 2). Let j(r) = 12 - r + 6 - f. Give j(x).
4
Suppose 0 = 4*h - 4*r - 12, r - 7 = -3*h - h. Let m(u) = -h*u + 2*u - 2*u - 6 + 0*u - u**2. Calculate m(-5).
-21
Let u be (-2)/8 - (-36)/16. Let d(g) = 3*g**2 - 4*g**2 - 3 - 3*g - g**u. Suppose 0 = -12*p - 0 - 24. Give d(p).
-5
Let b(n) be the first derivative of 1/4*n**4 - 5/3*n**3 - 2 + 0*n**2 + 5*n. Let a = -673 + 678. Calculate b(a).
5
Let o(a) = 22*a + 6. Let j(w) = -10*w - 3. Let y(r) = 13*j(r) + 6*o(r). Calculate y(3).
3
Let o(h) = -h**3 + 6*h**2 + h - 10. Suppose 0 = -3*b + 3*w + 21 + 3, 0 = -3*b + 4*w + 26. Give o(b).
-4
Let v = 198 - 185. Let n(c) = -c**3 + 12*c**2 + 12*c + 15. Determine n(v).
2
Let k(w) be the third derivative of w**6/120 + w**5/12 + w**4/12 + w**3/3 - 7*w**2 - 4*w. Give k(-5).
-8
Let t = -9 + 10. Suppose t + 2 = a. Let m(f) = a*f - 1 - 5*f + 0*f - 2. Determine m(-6).
9
Suppose 0 = 3*z - 4 - 26. Let g(u) = u**2 - 12*u + 20. Let t be g(z). Let i(x) = x**2 - 10. Give i(t).
-10
Let u be 3 - 20/(-10) - 1*9. Let z(o) = 6*o - 1. Let w(x) = 7*x - 1. Let v(i) = 5*w(i) - 6*z(i). Give v(u).
5
Let s(y) = 13*y**3 + 0*y**2 - 2*y**3 + 2*y - 2*y**2 - 1. Let x(q) = 115*q + 231. Let p be x(-2). Calculate s(p).
10
Let r(i) be the third derivative of -i**6/120 + 2*i**5/15 + 11*i**4/24 - 2*i**3 + 189*i**2 - 3. Let w(z) = z + 9. Let s be w(0). Determine r(s).
6
Suppose 14 = -28*m + 42. Let h(p) = 10*p**2 + 1. Calculate h(m).
11
Let k(d) be the first derivative of 7 + 4*d + 2*d - 2*d - d**2. Give k(3).
-2
Let x = 19 - 17. Suppose -12 = x*t + 30. Let d = t + 26. Let u(r) = -r**3 + 6*r**2 - 6*r + 2. Calculate u(d).
-3
Let q be -5*1*(-10)/25. Let o(i) = -4*i**2 + 4*i**2 - 2 + 0*i**q - i**2 + 5*i. Determine o(4).
2
Let l = 86 + -48. Let b = l + -36. Let s(o) = o**2 - 2*o. Determine s(b).
0
Let p(f) = f**3 + 5*f**2 + 2*f - 5. Let k be p(-4). Let v(j) = -11*j + 1. Let s(u) = 46*u - 3. Let i(w) = s(w) + 4*v(w). Give i(k).
7
Let x(n) be the third derivative of n**4/12 + n**3/3 + 2*n**2. Suppose 287*y = 295*y + 64. Calculate x(y).
-14
Let w = 30 + -24. Suppose w*c + 4 = 5*c. Let d(g) = -4*g**2 - 3*g - 1. Let l(s) = -7*s**2 - 7*s - 3. Let j(m) = 5*d(m) - 3*l(m). Calculate j(c).
-4
Let m(o) = 6*o + 17 + 2*o + 5*o**2 - 3*o**2 - 25 + 16. What is m(-4)?
8
Let v(u) = 7*u - 2*u**2 + 4*u**2 + 38 - 9 - 15 - u**2. Determine v(-6).
8
Suppose 2*t - 2*s - 4 = -0*s, -32 = -4*t - 4*s. Suppose 4*i - 12 = -4*b, -2*b = -0*b + t*i - 12. Let f(n) = 2*n + b - 4*n + 8*n + 2*n. Calculate f(1).
9
Let w(v) be the third derivative of -v**5/60 + 7*v**4/12 - 